(1/(-2))/((-1)/38). Let g be 675/18 + (-1)/2. Let z = g - y. What are the prime factors of z?
2, 3
Suppose -4*t + 5 + 15 = 0. Suppose -t*b = -0*b + 155. Let a = -20 - b. List the prime factors of a.
11
Suppose -2*u + 1 = -3. List the prime factors of (-41)/(-3) + u/6.
2, 7
Suppose 2*t = 2*v + 46, v + 27 = 3*t - 32. List the prime factors of 6/27 + 392/t.
2, 11
Suppose 2*x - g + 12 = 5*x, x - g - 4 = 0. Suppose -n = x*n - 15. Suppose 5*q = -6*l + n*l + 13, -l = 5*q - 11. List the prime factors of q.
2
Suppose -5*d = -3*i + 10, 0*d + 14 = 3*i - d. What are the prime factors of 5/(-25) + 231/i?
2, 23
Let a(m) = m**3 - 8*m**2 - 6*m - 19. What are the prime factors of a(10)?
11
Let x(j) = j**2 + 38. List the prime factors of x(0).
2, 19
Let b be 238/6 + 5/15. Let y = b - 23. Let x = 28 - y. List the prime factors of x.
11
Let m(g) = -g**2 - 6*g + 3. Let x be m(-7). List the prime factors of (-15)/(-10) + (-2)/x.
2
Let m(l) = -l**3 + l - 3. Let p be m(-2). Suppose -a = -p*a + 26. List the prime factors of a.
13
Let q(b) be the first derivative of -1 - 7/2*b**2 - 7*b + 1/3*b**3. List the prime factors of q(9).
11
List the prime factors of 2 - (-46 + -4) - -3.
5, 11
Let h = 0 + -3. Let z(t) = 3*t**2 - 2*t + 3. Let p be z(3). List the prime factors of p/(-20)*20/h.
2
Suppose 4*v + 2*v - 210 = 0. List the prime factors of v.
5, 7
Let i be 2/7 - (-116)/(-14). Let u(r) be the first derivative of r**2/2 + 16*r - 7. List the prime factors of u(i).
2
Let a = 98 + -62. What are the prime factors of a?
2, 3
Let k = 2 + -17. Suppose 3*n - d + 23 = -0*d, 2*d + 8 = 0. Let c = n - k. List the prime factors of c.
2, 3
Suppose 2*k = 4 + 6. Let g(a) = -3 + a - a + a. List the prime factors of g(k).
2
Let a(s) = -3*s - 16. What are the prime factors of a(-11)?
17
What are the prime factors of (-194 + -1*2)*(-7)/14?
2, 7
Suppose -18 = -2*q + 5*f + 9, -3*q + 72 = 3*f. List the prime factors of q.
3, 7
Let t(a) = -a**3 + 5*a**2 + 6*a + 1. List the prime factors of t(5).
31
Let v(b) = 2*b**3 - 4*b**2 + 4*b - 3. Let r be v(2). Suppose x = -h - 2*h + 17, r*h - 2*x - 21 = 0. What are the prime factors of h?
5
Let r = 1 + 2. Suppose q - 11 = -r*w, -13 = -5*w + 3*q + 10. What are the prime factors of w?
2
Let g(m) = -3*m. Let q be g(-1). Suppose -3*s - 47 = -x, 0*s - 3*x - 63 = q*s. Let y = s - -38. List the prime factors of y.
3, 7
Let n = 9 + -7. Suppose n*m - z + 4 = 29, 0 = -4*z + 20. What are the prime factors of m?
3, 5
Let a(z) = 10*z + 14. Let m be a(-8). Let y = 96 + m. What are the prime factors of y?
2, 3, 5
Let p = -8 + 22. Let n = p + -3. List the prime factors of n.
11
Suppose -5581 = -20*a + 559. What are the prime factors of a?
307
Suppose 0 = k - 6*k + 735. Suppose -4*j + k = -j. What are the prime factors of j?
7
Let t(d) = -d**3 - d**2 - 4*d - 2. Let w be t(-3). Suppose v - w = -4*c + 10, 0 = -c - 3*v + 4. List the prime factors of c.
2, 5
Let k = 11 + -1. What are the prime factors of k?
2, 5
Let s(c) be the third derivative of 0*c**4 + 0 - 1/30*c**5 + 1/6*c**3 + 1/40*c**6 - 2*c**2 + 0*c. List the prime factors of s(1).
2
Let p(c) = 4*c**3 + c**2 + c + 1. Let t be p(-1). Let i(h) = 2*h**3 + 3*h**2 + h + 1. Let l be i(t). Let o = -20 - l. What are the prime factors of o?
3
Let j = -10 + 19. Suppose j = g - 6. Suppose 0*i + 3*i - g = 0. List the prime factors of i.
5
Suppose -2*u - 60 = 3*u. List the prime factors of ((-20)/u)/(1/3).
5
Let b be (-84)/(-15) - 6/(-15). List the prime factors of ((-32)/6)/((-4)/b).
2
Suppose 7*o = 11*o - 516. What are the prime factors of o?
3, 43
Suppose 5*m = 5*o + 20, 5*m + o + 1 = -3. Suppose -10 = -m*k - 5*k. Suppose -2*w - 5*p + 6 = 0, -w = -3*w + k*p + 20. What are the prime factors of w?
2
Suppose 175 = 5*o + 2*a, 4*o - 5*a - 72 = 101. Suppose -o - 10 = -z - w, 0 = -z - 4*w + 38. What are the prime factors of z?
2, 5
Suppose -2*k + 10 = -3*h - 3*k, -h + 5*k = -18. List the prime factors of ((-49)/(-21))/(h/(-6)).
7
Let v(h) = -28*h. List the prime factors of v(-4).
2, 7
Let f(m) = -13*m**2 + 12*m - 12. Let z(v) = 3*v**2 - 3*v + 3. Let i(j) = 2*f(j) + 9*z(j). List the prime factors of i(3).
3
Suppose 4*s + h = 4, -6 = s + 2*s + 3*h. Let g = s + 1. List the prime factors of g.
3
Let g be (-6)/(-1) + (0 - 2). Let h = g - -2. Suppose p + 2 = h, -1 = -3*x + 5*p. List the prime factors of x.
7
Let q(d) = 5*d**2 + 6*d - 21. What are the prime factors of q(-7)?
2, 7, 13
Let b = 4 + -4. Suppose -5*l + 8 = f, b = l + 5*f + 6 + 2. List the prime factors of l.
2
Let i = 3 + -6. Let z be ((-20)/(-3))/2*i. Let p = 1 - z. List the prime factors of p.
11
Let s(q) = q**3 + 2*q**2 - q + 1. Let a be s(-3). Let z(n) = n**3 + 4*n**2 - 6*n + 2. List the prime factors of z(a).
7
Let h(c) = -c**3 + 3*c**2 + 2. Let t be h(3). Suppose -5*o + 3 + t = 0. What are the prime factors of (1 - (3 - 3)) + o?
2
Let t(k) = 2*k**2 + k + 1. Let c be t(-1). What are the prime factors of (11/(-2))/(c/(-4))?
11
Let t be (-3)/(-1*(2 - 1)). Suppose -c + 4*c + 3*i = 9, c + 2*i - 1 = 0. Let b = c - t. List the prime factors of b.
2
Suppose 0 = 2*a - l - 53, 2*a - 7*l + 3*l = 50. List the prime factors of a.
3
Let d(p) = p**2 - 2*p + 7. Let z be d(0). Suppose 3*j = z*j - 48. List the prime factors of j.
2, 3
Suppose -2*b - 624 - 914 = -4*n, -2*n - 5*b + 763 = 0. List the prime factors of n.
2, 3
Let v(y) = y**2 + 3*y - 1. Let n be v(-4). Suppose -5 = 4*r + n. Let z = 5 - r. What are the prime factors of z?
7
Let l(u) = u + 26. Let x be l(0). Let j = x - 43. Let g = j - -24. List the prime factors of g.
7
Let k(a) = -a**3 + 10*a**2 - 29. List the prime factors of k(6).
5, 23
Let n(z) = -z**2 - z + 2. Let a be n(0). Suppose -16 = 3*m - 7*m - a*u, -5*m = -3*u - 31. What are the prime factors of m?
5
List the prime factors of 10/((-3)/198*-3).
2, 5, 11
What are the prime factors of (8/6)/(6/369)?
2, 41
Let u = -1 + 3. Suppose -y + 2*y = -u. What are the prime factors of (-34)/(-10) + y/5?
3
Suppose 0 = z - 4, 7 = 4*k + 4*z + 3. Let r be (-6)/(k + 18/8). Let j = r + 1. List the prime factors of j.
3
What are the prime factors of (-2)/11 + (-3479)/(-77)?
3, 5
Let w(n) = n**3 + 2*n**2 - 2*n - 1. Let j be w(-2). Suppose -4*d + 3 = -5*d + 3*h, d + j*h = 15. What are the prime factors of d?
2, 3
Let c = 34 + 9. List the prime factors of c.
43
Let d(f) be the second derivative of -f**5/20 + 3*f**4/4 - 2*f**3/3 + f**2 - 7*f. What are the prime factors of d(8)?
2, 17
Suppose k - 4*u = -3*u + 1, -3 = -3*u. Let h = -1 - -1. Suppose h = z - k. What are the prime factors of z?
2
Let y = -25 + 34. What are the prime factors of y?
3
Let f be (18/15)/((-2)/(-45)). Suppose -2*h = h - f. List the prime factors of h.
3
Suppose c + 346 = 5*v + 3*c, 4*v = -2*c + 276. What are the prime factors of v?
2, 5, 7
Suppose -432 = -3*l - l. Let b = l - 53. What are the prime factors of b?
5, 11
Let b = 4 + -4. Suppose 0*k + 5*k - 15 = b. Suppose -38 = -3*i - i - 3*t, -i + k*t = -2. List the prime factors of i.
2
Let o = 196 - 76. What are the prime factors of (2/(-3))/((-4)/o)?
2, 5
Suppose -4*g + 48 + 32 = 0. List the prime factors of g.
2, 5
Let f = -4 + 4. Let q be f*((-2 - -1) + 0). Suppose 4*y + 28 = d - q*y, 0 = d + 3*y. List the prime factors of d.
2, 3
Let i(a) = a**3 - 8*a**2 - 12*a + 4. Let o be i(10). Suppose -5*m + 1 = -x, -2*m - o = -4*x - 4*m. What are the prime factors of x?
19
Suppose -4*j + 3*j + 17 = 0. Let g = j - -4. List the prime factors of g.
3, 7
Suppose -6*s - 2*q + 310 = -s, -5*s = -4*q - 280. What are the prime factors of s?
2, 3, 5
Let c = -17 - -82. List the prime factors of c.
5, 13
Let s(m) = -13*m + 1. What are the prime factors of s(-1)?
2, 7
Let z be 1 + 1 + 1 + 0. Suppose -z*w = -5 - 4. List the prime factors of w.
3
Suppose -4*d + 477 = 133. What are the prime factors of d?
2, 43
Let n be (-4)/(-2) + -1 + -1. Suppose n*f = -2*f + 8. Suppose -v + f = 0, -5*s + 0*v + 2*v + 7 = 0. List the prime factors of s.
3
Let m(d) = -29*d. Let j be m(-1). Suppose -4*h + 7 = -j. List the prime factors of h.
3
Suppose -3*q + a = -16 + 2, -2*a - 16 = -3*q. Suppose 5*z - 26 = q. What are the prime factors of z?
2, 3
Let t(m) = -6*m**2 + 2*m - 1. Let p be t(-3). Let q = -31 - p. What are the prime factors of q?
2, 3, 5
Let l = -11 + 7. Suppose -x + 5*f = f - 22, -3*x - 3*f + 6 